-672
Let b(g) = -9530*g + 57209. Calculate b(6).
29
Let l(c) = 634*c**2 - 1271*c + 4. Give l(2).
-2
Let t(v) = v**3 + 35*v**2 + 40*v + 201. Give t(-34).
-3
Let l(n) = 26*n - 356. Calculate l(13).
-18
Let a(g) = -g**3 - 116*g**2 - 120*g - 557. Give a(-115).
18
Let a(m) = -11*m - 456. What is a(-41)?
-5
Let s(p) = -p**3 + p**2 + 20*p - 33. Give s(0).
-33
Let o(n) = n**2 - 238*n + 1634. Determine o(7).
17
Let b(s) = -s**3 - 122*s**2 + 1445*s + 201. Determine b(11).
3
Let l(d) = 43*d - 1613. What is l(37)?
-22
Let a(u) = -u**3 - 41*u**2 + 38*u - 62. Calculate a(-42).
106
Let r(j) = -j**2 + 43*j - 46. Calculate r(42).
-4
Let v(s) = -s**2 - 36*s - 306. Give v(-19).
17
Let c(i) = -i**2 - 72*i + 22731. What is c(119)?
2
Let l(m) = 60*m + 2024. Give l(-35).
-76
Let b(p) = p**3 - 13*p**2 + p + 183. Give b(12).
51
Let a(v) = -48*v - 1113. What is a(-28)?
231
Let p(u) = u**3 + 65*u**2 + 49*u - 405. What is p(-64)?
555
Let u(p) = p**3 - 32*p**2 - 42*p + 148. What is u(32)?
-1196
Let f(m) = -126*m**2 + 1643*m - 62. What is f(13)?
3
Let x(v) = -v**2 - 12*v + 170. Give x(-15).
125
Let n(r) = 9*r**2 + 86*r + 4. Calculate n(-8).
-108
Let v(m) = -413*m + 1165. What is v(3)?
-74
Let c(q) = -q**3 + 3*q**2 - 2*q + 56. What is c(5)?
-4
Let c(s) = 6*s + 52. Determine c(-11).
-14
Let k(m) = -14*m**3 - 4*m**2 - m + 38. Calculate k(3).
-379
Let d(t) = 7*t**2 + 134*t + 612. Give d(-8).
-12
Let m(v) = -234*v - 223. Determine m(-1).
11
Let s(g) = 5*g**2 - 428*g + 258. Give s(85).
3
Let n(r) = 3*r**3 + 44*r**2 - 23*r + 34. What is n(-15)?
154
Let o(t) = -2992*t - 5982. What is o(-2)?
2
Let f(g) = -22*g - 175. Calculate f(-6).
-43
Let a(d) = -7*d**2 + 143*d - 4. Determine a(20).
56
Let t(a) = a**3 - 15*a**2 - 27*a - 68. Calculate t(17).
51
Let y(k) = -115*k + 311. Give y(3).
-34
Let f(s) = -s**2 + 11*s - 67. Determine f(14).
-109
Let b(j) = 34*j**2 - 11*j + 22. Give b(1).
45
Let i(c) = -c**3 + 31*c**2 + 31*c + 32. What is i(32)?
0
Let t(f) = 15*f**2 + 969*f - 302. Determine t(-65).
88
Let b(q) = 17*q - 630. What is b(25)?
-205
Let d(h) = -3*h**2 - 478*h - 3733. Give d(-8).
-101
Let y(o) = -4*o**2 + 330*o + 3295. Determine y(-9).
1
Let y(u) = 128*u - 1068. Give y(10).
212
Let n(r) = -r**2 + 19*r - 101. Determine n(12).
-17
Let m(w) = 2*w**3 + 6*w**2 - 15*w - 15. Give m(-5).
-40
Let g(h) = -642*h - 112356. What is g(-175)?
-6
Let g(u) = u**2 + 3*u + 80. Determine g(0).
80
Let r(w) = -3*w**2 - 39*w + 410. Determine r(7).
-10
Let b(a) = a**2 - 6*a + 158. What is b(0)?
158
Let p(o) = 30*o + 236. Calculate p(-11).
-94
Let d(x) = -2*x**3 - 182*x**2 + 183*x - 105. Give d(-92).
-13
Let c(k) = 6*k - 21. Determine c(-11).
-87
Let x(n) = -n**3 - 15*n**2 - 37*n + 115. Determine x(-6).
13
Let o(d) = -3*d**3 - 21*d**2 + 64*d + 329. Give o(-8).
9
Let w(b) = -2*b**2 - 40*b - 317. Determine w(-8).
-125
Let j(i) = 17*i - 88. Determine j(0).
-88
Let p(n) = -n**3 + 96*n**2 + 101*n - 73. Give p(97).
315
Let n(b) = 111*b + 991. Calculate n(-9).
-8
Let m(r) = 4*r**3 - 195*r**2 - 5588*r - 66. Determine m(69).
3
Let a(c) = -c**3 - 6*c**2 + 63*c + 234. Give a(-10).
4
Let f(s) = -4*s - 109. Calculate f(31).
-233
Let v(w) = -w**2 - 18*w - 13. Calculate v(-20).
-53
Let t(s) = s + 200. What is t(-37)?
163
Let l(w) = 24*w - 498. Give l(19).
-42
Let y(t) = -t**3 - 29*t**2 - 27*t - 35. Determine y(-28).
-63
Let b(g) = 67*g - 3148. What is b(47)?
1
Let u(i) = 9*i**2 + 10*i - 4. Give u(5).
271
Let i(d) = -7*d + 119. Calculate i(14).
21
Let t(g) = -g**2 + 15*g + 229. Calculate t(-9).
13
Let n(o) = -250*o + 12504. Determine n(50).
4
Let s(h) = -2*h**2 - 12*h + 290. Give s(-15).
20
Let a(f) = 6*f + 98. Give a(-8).
50
Let b(k) = -2*k**2 - 11*k + 167. Calculate b(7).
-8
Let u(s) = s**2 + 31*s - 15. Determine u(-32).
17
Let n(u) = -46*u + 1051. Calculate n(22).
39
Let l(r) = -108*r - 10677. Give l(-99).
15
Let s(p) = 5*p**2 - 13*p + 20. Determine s(6).
122
Let m(n) = -100*n - 4149. Determine m(-42).
51
Let n(k) = -61*k - 355. Calculate n(-4).
-111
Let z(h) = -24*h**3 + 32*h**2 + 28*h - 4. What is z(-1)?
24
Let j(p) = 3*p**3 + 8*p**2 - 2*p - 16. Determine j(-4).
-72
Let l(m) = -14*m + 9. Determine l(-2).
37
Let c(v) = -v**2 - 23*v + 183. Determine c(6).
9
Let b(x) = -x**3 + 18*x**2 - 6*x + 98. What is b(18)?
-10
Let i(j) = -3*j**3 + 86*j**2 + 39*j - 275. What is i(29)?
15
Let h(g) = -37*g + 758. Give h(19).
55
Let v(g) = -10*g**3 + 6*g**2 + 5*g - 3. Calculate v(2).
-49
Let p(f) = -f**2 - 72*f + 5274. Give p(45).
9
Let y(h) = 2*h**3 - 16*h**2 - 7*h + 30. Determine y(7).
-117
Let t(l) = -l**3 + 19*l**2 + 80*l - 126. Give t(22).
182
Let u(g) = -3*g**3 + 5*g**2 - 3. Give u(5).
-253
Let n(c) = c**2 - 10*c - 62. What is n(17)?
57
Let r(q) = 97*q**2 - 46*q + 95. What is r(2)?
391
Let s(k) = 182*k - 723. What is s(4)?
5
Let w(u) = -2*u**2 + 1680*u + 16913. Give w(-10).
-87
Let f(k) = k**3 + 16*k**2 + 23*k - 95. What is f(-4)?
5
Let a(h) = -2*h**3 + 27*h**2 - 60*h - 113. Calculate a(10).
-13
Let k(m) = -m**2 - 78*m + 93. What is k(-20)?
1253
Let t(l) = -257*l - 1027. Calculate t(-4).
1
Let i(k) = -6*k**3 + 136*k**2 + 50*k - 86. Give i(23).
6
Let o(q) = q**3 - 13*q**2 + 14*q + 171. Calculate o(6).
3
Let i(n) = -n**3 - 7*n**2 + 20*n - 15. Determine i(-11).
249
Let k(f) = f**3 - 106*f**2 + 406*f + 210. Determine k(102).
6
Let y(f) = -2*f**3 - 25*f**2 + 34*f - 103. Give y(-14).
9
Let v(k) = k**3 - 3*k**2 - 6*k + 10. Calculate v(-6).
-278
Let h(d) = -d**2 + 93*d - 1178. Give h(78).
-8
Let m(n) = -2*n**3 - 49*n**2 - 38*n - 1611. Calculate m(-25).
-36
Let l(h) = 53*h + 905. Give l(-17).
4
Let q(j) = 146*j**2 - j + 6. Give q(1).
151
Let h(w) = -w**3 - 15*w**2 - 47*w + 21. Calculate h(-9).
-42
Let s(b) = -b**3 - 6*b**2 + 4*b + 60. Give s(-4).
12
Let m(a) = 54*a - 669. Give m(12).
-21
Let t(b) = 8*b + 649. What is t(-56)?
201
Let w(b) = -8*b**2 + 7*b - 4. Give w(2).
-22
Let l(m) = 2*m**3 + 3*m**2 + 42*m + 82. Calculate l(-2).
-6
Let l(v) = -14*v - 99. Determine l(-11).
55
Let t(p) = 2*p**2 + 23*p - 402. Give t(10).
28
Let s(o) = 20*o + 22. Give s(14).
302
Let i(w) = -w**3 - 48*w**2 - 194*w - 793. Give i(-44).
-1
Let s(y) = 5*y**2 - 303*y - 135. Determine s(61).
-13
Let q(h) = 107*h**2 - 14*h - 15. What is q(-1)?
106
Let n(k) = -k**2 + 411*k - 6333. Give n(16).
-13
Let x(u) = u**3 + 22*u**2 - 18*u - 52. Give x(-23).
-167
Let k(i) = 6*i**2 - 252*i + 18. Determine k(42).
18
Let g(z) = -34*z - 199. What is g(-6)?
5
Let x(l) = -81*l - 1219. What is x(-15)?
-4
Let g(b) = -256*b - 330. Give g(-3).
438
Let j(a) = 346*a + 1093. Calculate j(-3).
55
Let a(z) = 2*z**2 + 994*z + 18169. What is a(-19)?
5
Let a(h) = -14*h**2 + 1132*h + 1316. Determine a(82).
4
Let n(k) = -145*k - 4946. Determine n(-34).
-16
Let o(u) = -177*u - 536. Calculate o(-3).
-5
Let q(n) = -6*n**3 + 6*n**2 + 5*n - 12. What is q(1)?
-7
Let t(d) = -d**3 + 23*d**2 - 141*d + 77. Determine t(13).
-66
Let x(d) = 70*d**2 - 43*d - 5. Calculate x(1).
22
Let t(h) = -121*h - 32059. Give t(-265).
6
Let l(b) = b**3 + 62*b**2 - 99*b - 6148. Determine l(-62).
-10
Let u(i) = 637*i - 645. Calculate u(1).
-8
Let o(v) = 2*v**2 + 186*v - 1557. Determine o(8).
59
Let a(j) = j**3 - 13*j**2 + 11*j - 8. Give a(7).
-225
Let s(v) = -v**3 - 6*v**2 + 56*v - 8. Give s(4).
56
Let d(p) = -379*p + 7204. What is d(19)?
3
Let p(h) = -2*h**2 + 66*h + 684. Calculate p(42).
-72
Let i(f) = -22*f - 1753. What is i(-79)?
-15
Let p(v) = -61*v - 307. What is p(-5)?
-2
Let g(c) = 3*c**3 + 6*c - 12. Give g(3).
87
Let m(w) = -88*w - 1249. What is m(-15)?
71
Let p(a) = -18*a - 679. Give p(-38).
5
Let f(a) = -2*a**3 + 122*a**2 - 5*a + 12. Calculate f(61).
-293
Let m(q) = -44*q**3 + 2*q**2 - q. Give m(1).
-43
Let b(o) = -6*o**2 - 80*o + 150. Calculate b(-15).
0
Let w(n) = 2*n**2 - 24*n + 56. Give w(5).
-14
Let s(w) = -95*w + 5030. Determine s(53).
-5
Let s(f) = -8*f**2 + 43*f + 230. What is s(10)?
-140
Let q(o) = -213*o - 11071. Determine q(-52).
5
Let d(r) = 2*r**3 - 3*r**2 - 37*r + 117. Determine d(3).
33
Let g(i) = -2*i**3 - 121*i**2 - 185*i - 463. What is g(-59)?
9
Let g(r) = r**2 + 35*r - 9539. Calculate g(82).
55
Let c(y) = y**3 + 15*y**2 + 17*y + 44. What is c(-14)?
2
Let i(r) = r**3 + 29*r**2 - 102*r - 173. Determine i(-32).
19
Let s(r) = -2185*r - 52443. What is s(-24)?
-3
Let j(q) = -38*q**2 + 27*q + 58. Deter